 is the remainder when 195566 is divided by 25?
16
Calculate the remainder when 421327 is divided by 3901.
19
Calculate the remainder when 721524 is divided by 1519.
1518
Calculate the remainder when 81421 is divided by 27137.
10
What is the remainder when 11013 is divided by 742?
625
What is the remainder when 3989 is divided by 1160?
509
Calculate the remainder when 381835 is divided by 555.
550
What is the remainder when 3678 is divided by 367?
8
What is the remainder when 70658 is divided by 23?
2
What is the remainder when 300273 is divided by 36?
33
What is the remainder when 29081 is divided by 15?
11
Calculate the remainder when 69136 is divided by 10.
6
Calculate the remainder when 13210 is divided by 13197.
13
What is the remainder when 7807 is divided by 1842?
439
Calculate the remainder when 12153 is divided by 32.
25
Calculate the remainder when 16826 is divided by 62.
24
Calculate the remainder when 8569 is divided by 327.
67
What is the remainder when 5362 is divided by 412?
6
What is the remainder when 24835 is divided by 31?
4
Calculate the remainder when 4777 is divided by 92.
85
What is the remainder when 398298 is divided by 14?
12
What is the remainder when 12038 is divided by 34?
2
Calculate the remainder when 2410 is divided by 556.
186
What is the remainder when 18992 is divided by 4745?
12
What is the remainder when 12700 is divided by 24?
4
What is the remainder when 16494 is divided by 226?
222
What is the remainder when 35953 is divided by 37?
26
What is the remainder when 8084 is divided by 2002?
76
Calculate the remainder when 7206 is divided by 106.
104
Calculate the remainder when 107820 is divided by 315.
90
Calculate the remainder when 5591 is divided by 215.
1
What is the remainder when 6600 is divided by 331?
311
What is the remainder when 299 is divided by 176?
123
What is the remainder when 3350 is divided by 168?
158
What is the remainder when 1719 is divided by 460?
339
Calculate the remainder when 3799 is divided by 1302.
1195
Calculate the remainder when 36296 is divided by 363.
359
What is the remainder when 451661 is divided by 8?
5
What is the remainder when 1962 is divided by 1944?
18
Calculate the remainder when 25561 is divided by 166.
163
Calculate the remainder when 53115 is divided by 28.
27
Calculate the remainder when 9837233 is divided by 198.
197
Calculate the remainder when 533937 is divided by 60.
57
What is the remainder when 98044 is divided by 34?
22
Calculate the remainder when 9101 is divided by 2253.
89
Calculate the remainder when 8931 is divided by 2918.
177
Calculate the remainder when 1098 is divided by 268.
26
Calculate the remainder when 2260 is divided by 13.
11
What is the remainder when 118408 is divided by 118402?
6
What is the remainder when 35972 is divided by 157?
19
Calculate the remainder when 229002 is divided by 228984.
18
What is the remainder when 22733 is divided by 22715?
18
What is the remainder when 44720 is divided by 126?
116
Calculate the remainder when 38320 is divided by 18.
16
Calculate the remainder when 2684 is divided by 859.
107
What is the remainder when 2385 is divided by 337?
26
What is the remainder when 968 is divided by 458?
52
What is the remainder when 30911 is divided by 7721?
27
Calculate the remainder when 40180 is divided by 123.
82
Calculate the remainder when 17690 is divided by 179.
148
Calculate the remainder when 2067 is divided by 649.
120
Calculate the remainder when 140681 is divided by 339.
335
What is the remainder when 10292 is divided by 117?
113
What is the remainder when 41407 is divided by 79?
11
Calculate the remainder when 1962 is divided by 296.
186
What is the remainder when 171954 is divided by 190?
4
Calculate the remainder when 106141 is divided by 2081.
10
What is the remainder when 15049 is divided by 86?
85
Calculate the remainder when 1369 is divided by 692.
677
Calculate the remainder when 3843 is divided by 120.
3
What is the remainder when 83691 is divided by 270?
261
Calculate the remainder when 2780 is divided by 333.
116
What is the remainder when 4347 is divided by 554?
469
Calculate the remainder when 25757 is divided by 1744.
1341
What is the remainder when 1012 is divided by 851?
161
Calculate the remainder when 6365 is divided by 298.
107
What is the remainder when 111583 is divided by 259?
213
What is the remainder when 10352 is divided by 25?
2
Calculate the remainder when 2935099 is divided by 16.
11
What is the remainder when 190854 is divided by 964?
946
Calculate the remainder when 14560 is divided by 7201.
158
What is the remainder when 29547 is divided by 9834?
45
Calculate the remainder when 4341 is divided by 44.
29
Calculate the remainder when 35294 is divided by 24.
14
What is the remainder when 8365 is divided by 72?
13
What is the remainder when 13548 is divided by 402?
282
What is the remainder when 2544 is divided by 75?
69
Calculate the remainder when 158322 is divided by 1056.
978
Calculate the remainder when 8242 is divided by 356.
54
What is the remainder when 704 is divided by 175?
4
What is the remainder when 3955 is divided by 139?
63
What is the remainder when 14564 is divided by 14564?
0
What is the remainder when 1207 is divided by 234?
37
Calculate the remainder when 1017 is divided by 546.
471
What is the remainder when 5993 is divided by 379?
308
Calculate the remainder when 341032 is divided by 341028.
4
What is the remainder when 7447 is divided by 1147?
565
What is the remainder when 8833 is divided by 20?
13
Calculate the remainder when 84050 is divided by 21001.
46
Calculate the remainder when 91914 is divided by 70.
4
What is the remainder when 2031 is divided by 63?
15
What is the remainder when 268247 is divided by 1348?
1343
What is the remainder when 7055 is divided by 33?
26
Calculate the remainder when 188741 is divided by 250.
241
Calculate the remainder when 1316 is divided by 332.
320
Calculate the remainder when 6131 is divided by 146.
145
Calculate the remainder when 767 is divided by 374.
19
Calculate the remainder when 6518 is divided by 106.
52
Calculate the remainder when 9395 is divided by 108.
107
What is the remainder when 1242 is divided by 506?
230
What is the remainder when 529686 is divided by 161?
157
Calculate the remainder when 1276986 is divided by 131.
129
What is the remainder when 2020 is divided by 145?
135
What is the remainder when 21262 is divided by 98?
94
What is the remainder when 993381 is divided by 22?
15
What is the remainder when 11742 is divided by 309?
0
What is the remainder when 2415 is divided by 51?
18
What is the remainder when 38352 is divided by 15?
12
Calculate the remainder when 11980 is divided by 1192.
60
What is the remainder when 17287 is divided by 24?
7
Calculate the remainder when 22800 is divided by 50.
0
Calculate the remainder when 642 is divided by 103.
24
What is the remainder when 3917373 is divided by 163?
157
What is the remainder when 9942 is divided by 2484?
6
What is the remainder when 12806 is divided by 441?
17
Calculate the remainder when 305495 is divided by 1222.
1217
Calculate the remainder when 3633 is divided by 740.
673
Calculate the remainder when 2398 is divided by 922.
554
Calculate the remainder when 14110 is divided by 395.
285
Calculate the remainder when 12173 is divided by 3043.
1
Calculate the remainder when 25627 is divided by 400.
27
What is the remainder when 8388 is divided by 147?
9
Calculate the remainder when 823 is divided by 120.
103
What is the remainder when 2673113 is divided by 438?
437
Calculate the remainder when 391284 is divided by 2856.
12
Calculate the remainder when 48361 is divided by 257.
45
What is the remainder when 5825 is divided by 2247?
1331
Calculate the remainder when 51431 is divided by 17131.
38
What is the remainder when 2122 is divided by 43?
15
Calculate the remainder when 11326 is divided by 542.
486
Calculate the remainder when 798 is divided by 302.
194
Calculate the remainder when 11730 is divided by 1529.
1027
Calculate the remainder when 5371 is divided by 14.
9
What is the remainder when 60163 is divided by 59?
42
Calculate the remainder when 464 is divided by 432.
32
Calculate the remainder when 952 is divided by 95.
2
Calculate the 